{"id":27,"date":"2012-03-07T12:40:49","date_gmt":"2012-03-07T10:40:49","guid":{"rendered":"https:\/\/willembedankt.org\/?page_id=27"},"modified":"2013-02-17T23:13:27","modified_gmt":"2013-02-17T21:13:27","slug":"willem-1","status":"publish","type":"page","link":"https:\/\/willembedankt.org\/?page_id=27","title":{"rendered":"Willem 1"},"content":{"rendered":"<h1>Een beknopte biografie<\/h1>\n<p style=\"text-align: center;\"><a href=\"https:\/\/willembedankt.org\/wp-content\/uploads\/2012\/03\/kroning.bmp\"><img decoding=\"async\" class=\"aligncenter size-full wp-image-88\" title=\"kroning\" alt=\"\" src=\"https:\/\/willembedankt.org\/wp-content\/uploads\/2012\/03\/kroning.bmp\" \/><\/a><\/p>\n<p>&nbsp;<\/p>\n<p>&nbsp;<\/p>\n<p align=\"center\"><strong><span style=\"text-decoration: underline;\">Van Prins Willem-Frederik naar Soeverein Vorst naar <\/span><\/strong><\/p>\n<p align=\"center\"><strong><span style=\"text-decoration: underline;\">Koning der Nederlanden.<\/span><\/strong><\/p>\n<p>&nbsp;<\/p>\n<p>Willem-Frederik, prins van Oranje-Nassau, werd geboren in Den Haag op 24 augustus 1772. Hij was de oudste zoon van Willem V en Wilhelmina van Pruisen, het laatste stadhouderlijk paar. Hij maakte in de jaren 1789-1791 een reis door Duitsland en trouwde op 1 oktober met zijn nicht Wilhelmina van Pruisen. Hij studeerde in Leiden.<\/p>\n<p><a href=\"https:\/\/willembedankt.org\/wp-content\/uploads\/2012\/05\/willemkind.bmp\"><img decoding=\"async\" class=\"aligncenter size-large wp-image-76\" alt=\"willem als kind\" src=\"https:\/\/willembedankt.org\/wp-content\/uploads\/2012\/05\/willemkind.bmp\" \/><\/a><\/p>\n<p>In 1793 tot kapitein-generaal benoemd, leidde hij de operaties tegen de Franse legers onder Jourdan en Pichegru, maar de nederlaag bij Fleurus noopte hem tot een terugtocht. Toen Pichegru in januari 1795 naar het noorden oprukte, viel het Nederlandse staatse leger uiteen. Van zijn commando ontheven, vertrok de erfprins op 18 januari met zijn vader naar Engeland. Teleurgesteld in zijn hoop op krachtige Engelse steun, vertrok hij in september 1795 naar Berlijn. Van daaruit onderhield hij contact met de Oranjegezinden in de \u201cBataafse Republiek\u201d, zeg maar het huidige Nederland. De Engels-Russische expeditie in het najaar van 1799 greep hij aan voor pogingen binnenlands verzet tegen de Bataafse Republiek uit te lokken, maar het draaide uit op een fiasco. Sindsdien gaf hij de hoop op herstel van de positie van zijn Huis op. Hij vestigde zijn hoop op Napoleon I Bonaparte. Hij kreeg van hem gedaan dat de Bataafse Republiek aan de Oranjes een schadevergoeding van vijf miljoen gulden zou betalen, als de Oranjes afstand deden van al hun aanspraken.<\/p>\n<p style=\"text-align: center;\">\u00a0<a href=\"https:\/\/willembedankt.org\/wp-content\/uploads\/2012\/03\/scheveningen.jpg\"><img decoding=\"async\" loading=\"lazy\" class=\"aligncenter  wp-image-120\" alt=\"scheveningen\" src=\"https:\/\/willembedankt.org\/wp-content\/uploads\/2012\/03\/scheveningen-1024x714.jpg\" width=\"576\" height=\"401\" srcset=\"https:\/\/willembedankt.org\/wp-content\/uploads\/2012\/03\/scheveningen-1024x714.jpg 1024w, https:\/\/willembedankt.org\/wp-content\/uploads\/2012\/03\/scheveningen-300x209.jpg 300w, https:\/\/willembedankt.org\/wp-content\/uploads\/2012\/03\/scheveningen.jpg 1561w\" sizes=\"(max-width: 576px) 100vw, 576px\" \/><\/a><\/p>\n<p>In het najaar van 1813 onderhandelde hij met de steun van tsaar Alexander I in Engeland over de bevrijding van de Nederlanden. Hij stuitte aanvankelijk op weerstand vanwege zijn vroegere relaties met Napoleon. Hij keerde uit Engeland terug op uitnodiging van Gijsbrecht van Hogendorp, die begonnen was aan een bevrijdingsbeweging. Op 30 november 1813 landde hij in Scheveningen en nam hij bij proclamatie van 2 december de titel van Soeverein Vorst aan met de belofte van een \u2018wijze constitutie\u2019.<\/p>\n<p><a href=\"https:\/\/willembedankt.org\/wp-content\/uploads\/2012\/03\/jongewillem.bmp\"><img decoding=\"async\" class=\"aligncenter size-large wp-image-119\" alt=\"jongewillem\" src=\"https:\/\/willembedankt.org\/wp-content\/uploads\/2012\/03\/jongewillem.bmp\" \/><\/a><\/p>\n<p>Op de hoogte van de wens van de Britse regering een sterke bufferstaat ten noorden van Frankrijk te cre\u00ebren, ijverde Willem vervolgens bij het Congres van Wenen voor een uitbreiding van het Nederlandse territorium met het hele gebied ten westen van de Rijn tot aan de Moezel, maar het verzet van Pruisen had tot gevolg dat de uitbreiding beperkt bleef tot de vroegere Zuidelijke Nederlanden, inclusief Luxemburg. In naam van de geallieerden trad Willem I vanaf 1 augustus 1814 op als gouverneur-generaal in de Zuidelijke Nederlanden. Hij hield in september 1814 zijn eerste intrede in Gent.<\/p>\n<p>&nbsp;<\/p>\n<p>Bij Napoleons terugkeer uit Elba nam Willem eigenmachtig met de titel Koning der Nederlanden bezit van laatstgenoemd gebied. Op 16 maart 1815 nam hij de titel van Koning der Nederlanden aan. In september 1815 wordt hij als koning een tweede keer ingehaald in zijn lievelingsstad Gent.<\/p>\n<p>Willem I had een grote belangstelling voor het economische leven en bleek een voortreffelijk bestuurder. Daar het Noorden vrijheid vroeg voor zijn handel en het Zuiden protectie voor zijn industrie, had Willem het niet gemakkelijk deze tegengestelde belangen te verzoenen. Hij slaagde er echter in de algemene welvaart aanzienlijk te laten toenemen, vooral dan in het Zuiden, dat door opeenvolgende bezettingen (Spaans, Oostenrijks, Frans) grote achterstand had opgelopen.<\/p>\n<p><a href=\"https:\/\/willembedankt.org\/wp-content\/uploads\/2012\/05\/1772WillemI.jpg\"><img decoding=\"async\" loading=\"lazy\" class=\"aligncenter size-full wp-image-70\" alt=\"WillemI\" src=\"https:\/\/willembedankt.org\/wp-content\/uploads\/2012\/05\/1772WillemI.jpg\" width=\"200\" height=\"295\" \/><\/a><\/p>\n<p>Met het Zuiden ontstonden vrij snel problemen, doordat de ter stemming opgeroepen notabelen het ontwerp van grondwet verwierpen, enerzijds vanwege de erin opgenomen gelijkstelling van de godsdiensten, anderzijds vanwege het ontbreken van ministeri\u00eble verantwoordelijkheid. Door zijn bemoeienis met het onderwijs, voornamelijk de priesteropleiding, botste hij met de klerikalen, en door zijn drukperscensuur kwam hij in conflict met de liberalen.<\/p>\n<p><a href=\"https:\/\/willembedankt.org\/wp-content\/uploads\/2012\/03\/kaartPays-Bas.png\"><img decoding=\"async\" loading=\"lazy\" class=\"aligncenter size-full wp-image-124\" alt=\"kaartPays-Bas\" src=\"https:\/\/willembedankt.org\/wp-content\/uploads\/2012\/03\/kaartPays-Bas.png\" width=\"300\" height=\"430\" srcset=\"https:\/\/willembedankt.org\/wp-content\/uploads\/2012\/03\/kaartPays-Bas.png 300w, https:\/\/willembedankt.org\/wp-content\/uploads\/2012\/03\/kaartPays-Bas-209x300.png 209w\" sizes=\"(max-width: 300px) 100vw, 300px\" \/><\/a><\/p>\n<p>Deze herenigde Nederlanden waren Frankrijk dus een doorn in het oog en Parijs had gezworen deze staat weer te laten uiteenspringen, wat uiteindelijk in 1830 lukte. Mede door de invloed van de Franse schrijver Lamenais leidde dit tot een \u2018Unionisme\u2019 en ontstond er een verzetsfront, waaruit in 1830 de Belgische Revolutie voortkwam, die de scheiding tussen Nederland en Belgi\u00eb, voor ons in 1830, maar pas in 1839 formeel bekrachtigd, ten gevolge had. Toen Willem in de \u2018Tiendaagse Veldtocht\u2019 het hem door de Europese mogendheden toegewezen zuidelijk gewest weer trachtte in te nemen (iets wat leek te lukken, want de Vlamingen liepen over en de Walen liepen weg), viel er een groot Frans leger onder Mar\u00e9chal G\u00e9rard de Zuidelijke Nederlanden binnen om de \u2018Hollanders\u2019 te verdrijven. Het was dus duidelijk uit welke richting de \u2018revolutionaire\u2019 wind waaide.<\/p>\n<p>&nbsp;<\/p>\n<p>De sterke kant van de koning was echter zijn economische bemoeienis. Hij had het scherpe inzicht dat \u00e9\u00e9n economische gemeenschap de handel van het Noorden en de industrie van het Zuiden kon omvatten, zodra de koloni\u00ebn deze schijnbaar tegengestelde belangen met elkaar zouden laten samenvallen. Oost-Vlaanderen en vooral Gent hadden veel belang bij deze politiek, bleven de vorst trouw en waren dus Willemgezind.<\/p>\n<p>&nbsp;<\/p>\n<p>Economisch-industrieel, maar ook opvoedkundig was Willem een vorst die zijn tijd ver vooruit was. Overtuigd van zijn gelijk duldde de koning op den duur geen kritiek of medezeggenschap meer. De Staten-Generaal, het parlement, schakelde hij het liefst uit, bij voorkeur regeerde hij bij Koninklijke Besluiten. Spoedig vervreemdde dit alle medeverantwoordelijken van hem, vooral toen zijn halsstarrige houding tussen 1831 en 1839 tot financi\u00eble ontreddering leidde. In 1840 stemde hij in met een noodzakelijke grondwetsherziening, nadat Belgi\u00eb zich in 1839 definitief had afgescheiden. De nieuwe grondwet riep een halt toe aan zijn \u2018Koninklijke-Besluiten-regering\u2019 door het ministerieel contraseign voor elk besluit voor te schrijven. Dit voorschrift was \u00e9\u00e9n van de belangrijkste redenen voor zijn aftreden op 7 oktober 1840.<\/p>\n<p style=\"text-align: center;\">\u00a0<a href=\"https:\/\/willembedankt.org\/wp-content\/uploads\/2012\/03\/Kanaal_GT3.png\"><img decoding=\"async\" loading=\"lazy\" class=\"aligncenter  wp-image-123\" alt=\"Kanaal_GT\" src=\"https:\/\/willembedankt.org\/wp-content\/uploads\/2012\/03\/Kanaal_GT3-1024x707.png\" width=\"512\" height=\"353\" srcset=\"https:\/\/willembedankt.org\/wp-content\/uploads\/2012\/03\/Kanaal_GT3-1024x707.png 1024w, https:\/\/willembedankt.org\/wp-content\/uploads\/2012\/03\/Kanaal_GT3-300x207.png 300w\" sizes=\"(max-width: 512px) 100vw, 512px\" \/><\/a><\/p>\n<p>Nadat zijn echtgenote in 1837 overledenwas, wenste hij een tweede huwelijk aan te gaan met de half-Belgische rooms-katholieke gravin Henri\u00ebtte d\u2019Oultremont de W\u00e9gimont. Dit ontketende groot verzet in depers. Het huwelijk werd op 16 februari 1841 te Berlijn gesloten. In 1843 nam hij met tien miljoen gulden deel aan de conversielening-Van Hall. Zo droeg hij welbewust bij tot de sanering van de vooral in zijn laatste regeringsdecennium ontredderde staatsfinanci\u00ebn.<\/p>\n<p>Willem I overleed in Berlijn op 12 december 1843. Hij werd bijgezet in de grafkelder van de Oranjes in de Nieuwe Kerk te Delft.<\/p>\n<p><a href=\"https:\/\/willembedankt.org\/wp-content\/uploads\/2012\/03\/willem-graf.jpg\"><img decoding=\"async\" loading=\"lazy\" class=\"aligncenter size-large wp-image-83\" alt=\"willem graf\" src=\"https:\/\/willembedankt.org\/wp-content\/uploads\/2012\/03\/willem-graf-1024x745.jpg\" width=\"640\" height=\"465\" srcset=\"https:\/\/willembedankt.org\/wp-content\/uploads\/2012\/03\/willem-graf-1024x745.jpg 1024w, https:\/\/willembedankt.org\/wp-content\/uploads\/2012\/03\/willem-graf-300x218.jpg 300w\" sizes=\"(max-width: 640px) 100vw, 640px\" \/><\/a><\/p>\n<p>Bron: o.m. de Grote Winkler Prins Encyclopedie, Oranje-Nassau van A tot Z, biografie\u00ebn en stamboom van 1146 tot 2001, 200 jaar Koninklijk Verbonden.<\/p>\n<p>&nbsp;<\/p>\n<p>\u00a9 Comit\u00e9 Willem Bedankt<\/p>\n","protected":false},"excerpt":{"rendered":"<p>Een beknopte biografie &nbsp; &nbsp; Van Prins Willem-Frederik naar Soeverein Vorst naar Koning der Nederlanden. &nbsp; Willem-Frederik, prins van Oranje-Nassau, werd geboren in Den Haag op 24 augustus 1772. Hij was de oudste zoon van Willem V en Wilhelmina van Pruisen, het laatste stadhouderlijk paar. Hij maakte in de jaren 1789-1791 een reis door Duitsland [&hellip;]<\/p>\n","protected":false},"author":3,"featured_media":0,"parent":0,"menu_order":0,"comment_status":"closed","ping_status":"closed","template":"","meta":[],"_links":{"self":[{"href":"https:\/\/willembedankt.org\/index.php?rest_route=\/wp\/v2\/pages\/27"}],"collection":[{"href":"https:\/\/willembedankt.org\/index.php?rest_route=\/wp\/v2\/pages"}],"about":[{"href":"https:\/\/willembedankt.org\/index.php?rest_route=\/wp\/v2\/types\/page"}],"author":[{"embeddable":true,"href":"https:\/\/willembedankt.org\/index.php?rest_route=\/wp\/v2\/users\/3"}],"replies":[{"embeddable":true,"href":"https:\/\/willembedankt.org\/index.php?rest_route=%2Fwp%2Fv2%2Fcomments&post=27"}],"version-history":[{"count":5,"href":"https:\/\/willembedankt.org\/index.php?rest_route=\/wp\/v2\/pages\/27\/revisions"}],"predecessor-version":[{"id":29,"href":"https:\/\/willembedankt.org\/index.php?rest_route=\/wp\/v2\/pages\/27\/revisions\/29"}],"wp:attachment":[{"href":"https:\/\/willembedankt.org\/index.php?rest_route=%2Fwp%2Fv2%2Fmedia&parent=27"}],"curies":[{"name":"wp","href":"https:\/\/api.w.org\/{rel}","templated":true}]}}